
8
Suppose -2*n = 4*v - 56, -54 = -4*v - 0*n - 3*n. Let p = -3 - 3. Let d be 55/22*p/(-5). What is the highest common divisor of v and d?
3
Let b(c) = 2*c + 10. Let f be b(6). Suppose 4*a = 0, 90 = 2*y + a - 0*a. Suppose 4*g - 87 - y = 0. Calculate the greatest common factor of g and f.
11
Let g = 23 + -35. Let l(b) = b**3 + 11*b**2 - 11*b + 16. Let p be l(g). What is the greatest common factor of p and 20?
4
Let f(s) = s**2 - 11. Let g be f(-9). Suppose 0 = 2*h - 0*h - 28. What is the greatest common divisor of h and g?
14
Suppose 3*j + j = 3*b - 4, 4*j = -5*b + 28. Suppose 0 = j*i - 80 - 118. Let g = 37 + -26. What is the greatest common divisor of g and i?
11
Let s be 6/(-8) + 2121/12. Calculate the highest common divisor of s and 16.
16
Suppose 7*v - 16 = 3*v, 109 = 5*t + v. What is the highest common divisor of 7 and t?
7
Suppose -4*l + 18 = -3*l. What is the greatest common factor of 27 and l?
9
Suppose 164*r - 159*r = 630. What is the highest common factor of 18 and r?
18
Let l = 75 + 149. What is the greatest common factor of 28 and l?
28
Let k(x) = -x**2 + 3*x. Let z be k(4). Let a be (-160)/24*30/z. Calculate the highest common factor of a and 20.
10
Let v = 23 - 10. What is the highest common factor of v and 117?
13
Let c = -9 + 4. Let p(d) = d**3 + 6*d**2 + 2*d - 4. Let r be p(c). What is the greatest common divisor of r and 33?
11
Suppose 0 = -2*r + 4. Suppose -5*l + 12 = -r*l. Let t be (6/(-3) + 3)*l. What is the greatest common divisor of 4 and t?
4
Let c(i) = i**2 + 6*i + 8. Let m be c(-8). What is the greatest common factor of 12 and m?
12
Let b = -41 - -65. What is the highest common factor of b and 3?
3
Let n be (-3 + 2)/((-2)/10). What is the greatest common divisor of n and 20?
5
Let o = -66 + 130. Suppose s - o = -s. Calculate the greatest common factor of 48 and s.
16
Let z = 3 - -3. Calculate the greatest common factor of z and 3.
3
Suppose 2*y + 0 = 16. Let x = 4 + y. What is the greatest common divisor of x and 84?
12
Let q be (-2 - -2) + -1 + 50. Let v = 2 - -3. Suppose o = -v*c + 27, 2*o + 4*c = 33 - 3. What is the greatest common divisor of o and q?
7
Suppose 0*c - 2*c + 40 = 2*q, -5*c - 2*q = -103. What is the greatest common divisor of 14 and c?
7
Let c = -66 - -94. Let x = 10 + -6. Calculate the greatest common factor of x and c.
4
Let s(h) = -h**3 + 9*h**2 + 2*h - 13. Let z be s(9). Suppose z*b + 170 = 5*q, -q - b = 4*q - 182. Calculate the greatest common factor of 9 and q.
9
Let b be (-14)/6*(-36)/1. Calculate the greatest common divisor of 14 and b.
14
Let c = -1 + -5. Let t be 158/14 + c/21. What is the greatest common divisor of 55 and t?
11
Suppose 0 = -5*j + l - 2*l + 44, -4*j = -4*l - 16. Suppose 2*r = r + j. Calculate the greatest common factor of r and 12.
4
Let v(y) = y**3 - y + 129. Let j be v(0). Let l = j + -76. Suppose -l = -3*q + 52. What is the greatest common factor of q and 14?
7
Let a(c) = c**3 + 15*c**2 + 12*c - 4. Let u be a(-14). Let l be (-1)/3 - 577/(-3). Calculate the greatest common factor of l and u.
24
Let r(t) = t**2 + 5*t - 4. Let l be r(-7). Let h(k) = -2*k**3 - k**2 + k + 2. Let o be h(-4). Calculate the highest common factor of l and o.
10
Suppose 0 = 5*v - 25, h + 1 = 4*v - 9. Let n = 0 - 0. Suppose n = -f - f + 20. Calculate the highest common divisor of f and h.
10
Let a be (28/(-8))/7 + 41/2. Calculate the greatest common divisor of 30 and a.
10
Let b(p) = -p**3 - 4*p**2 - p - 3. Let d be b(-4). Calculate the highest common divisor of d and 11.
1
Suppose -2*g - 2*g = -192. Calculate the greatest common divisor of g and 32.
16
Let f be 15/2*(-3 - 39/(-3)). What is the highest common factor of f and 375?
75
Let n be 88/12*9/6. Let z = 21 - n. Calculate the highest common divisor of 10 and z.
10
Suppose 0 = -2*a - 3*h - 7, a + 16 = -h - 3*h. Let z(i) = a - 2*i**3 - 4 + 3*i**3 - i**2 + 5 - i. Let m be z(0). What is the greatest common divisor of 5 and m?
5
Suppose 0 = -48*b + 52*b - 40. What is the highest common divisor of 10 and b?
10
Suppose 5*x - 4*r - 120 - 94 = 0, -4*x = 5*r - 204. Calculate the highest common divisor of x and 23.
23
Let n = -229 - -243. Suppose -7*f - 4*l = -3*f - 12, 4*f = -2*l + 20. Calculate the highest common factor of n and f.
7
Suppose 2*z = -0*z + 22. Let k = z + -7. Let h(n) = -n**3 + 3*n**2 + 6*n - 5. Let r be h(k). Calculate the greatest common factor of r and 6.
3
Suppose v = 3*j - 971 - 132, -3*j + 1123 = 4*v. Let b = -171 + j. What is the greatest common factor of b and 22?
22
Let y(b) = 12*b - 1. Let n be y(-4). Let z = -31 - n. Let x = 637 - 610. Calculate the greatest common divisor of x and z.
9
Let r be (1/3)/(3/(-9)). Let i = r + 23. Calculate the highest common divisor of i and 11.
11
Let o(f) = 29*f - 5. Let v be o(1). What is the greatest common divisor of 192 and v?
24
Let z = -4 - -1. Let j be 78/(-10)*(z + -2). Suppose 4*n + 0*f - 94 = 2*f, -5*n + 3*f = -115. What is the greatest common divisor of j and n?
13
Let c be (-5)/(-50)*102 - 1/5. Calculate the greatest common divisor of c and 4.
2
Suppose -5*y + 39 = -6. Suppose 358 = 3*s + 61. Suppose -s = -q - 18. Calculate the highest common divisor of y and q.
9
Let c be ((-6)/4)/((-2)/40). Let i(v) = -2*v - 6. Suppose -16 = -3*n + 5*n. Let j be i(n). Calculate the greatest common factor of c and j.
10
Suppose 3 = -4*n - 1. Let g be -30*(n - (-9)/15). Calculate the greatest common factor of g and 3.
3
Let b(a) = 10*a + 1. Let q be b(1). Let m = -7 + q. Suppose m*s - 2 - 2 = 0. What is the greatest common divisor of 2 and s?
1
Let h be (0 + 5)*(0 + 1). Suppose h*u + 0*u = 15. Let m be (-23 - -2)*(-1)/u. What is the greatest common factor of m and 14?
7
Let u be 15*(0 + (-8)/(-12)). Calculate the greatest common factor of u and 30.
10
Suppose -25*q + 29*q - 448 = 0. Suppose 70 = -0*a + 5*a. Calculate the highest common factor of a and q.
14
Let n = -27 - -49. What is the greatest common divisor of 55 and n?
11
Let w(l) = 66*l + 22. Let t be w(4). What is the highest common divisor of 26 and t?
26
Let c be (-3 - -102 - 3) + 0. Suppose b - 4*b + c = 0. What is the greatest common factor of b and 16?
16
Let p be 1 + (-2 - (-2 - -1)). Suppose p = -2*t + 3 + 15. What is the greatest common divisor of 6 and t?
3
Let i be ((-18)/(-4))/((-6)/(-80)). Let w(b) = b - 8. Let f be w(20). What is the greatest common divisor of i and f?
12
Let x(t) = t + 7. Let a be x(8). Let y be (-1 + 51/9)*a. Calculate the greatest common divisor of y and 10.
10
Let r be 4/(-3)*45/(-10). Calculate the greatest common factor of 60 and r.
6
Suppose 3*w - 161 = 79. Suppose 0*y - 2*y + 40 = 0. What is the highest common factor of y and w?
20
Let g = 4 - -13. Calculate the highest common divisor of 17 and g.
17
Let c be (-2 - -32) + 0 + -3. Calculate the highest common divisor of c and 18.
9
Suppose -10 - 1 = -t. Let c be (-390)/(-5) + -2 + 1. What is the greatest common factor of c and t?
11
Let b = 8 + -3. Suppose -3*u + 0*u = b*n - 48, -5*u + 46 = -3*n. What is the greatest common factor of u and 11?
11
Suppose -c = -5*v + 21 - 60, -c + 60 = 2*v. What is the highest common divisor of c and 36?
18
Let p be (2 - -2 - 1)*2. Suppose 3*b + 72 = p. Let g be b*(1 + (1 - 3)). Calculate the greatest common factor of 11 and g.
11
Let p = -2 + 4. Suppose -3*b + 27 = -96. Let y = -27 + b. What is the highest common divisor of y and p?
2
Suppose -15 = 5*f + c, -5*f + 3*c = 2*c + 15. Let o(x) = 2*x**2 - 2*x + 1. Let h be o(f). What is the highest common factor of h and 200?
25
Suppose -s = 2*t + 8, 0 = 3*s + s - 5*t - 33. Suppose 5*u + 5*v - 55 = 0, -s*v + 10 = 2. Calculate the highest common factor of 28 and u.
7
Suppose 2*u + 28 = 4*f, 0 = -6*f + 2*f - 5*u + 42. What is the greatest common divisor of f and 2?
2
Let r be 2*((-150)/4)/5. Let o be 4*(-2 - r/6). Suppose x + 4*u + 76 = o*x, -2*u + 292 = 5*x. What is the highest common factor of x and 12?
12
Let k(n) = -2*n**2 - 2*n**2 + n + 13*n**2. Let s be k(1). What is the greatest common factor of s and 4?
2
Let n be (-21)/(-2) - (-2)/4. Let a = 59 - 4. What is the greatest common divisor of n and a?
11
Let u be 200/14 + 4/(-14). Let x be (-59)/(-4) - 6/8. Calculate the highest common divisor of x and u.
14
Let q(i) = -8*i + 16. Let v be q(-6). Let f = 29 + 5. Let w = f - 